osite number?
True
Is 8316348263 a composite number?
False
Is 9547266037 a composite number?
False
Is 783348091 prime?
False
Is 6277009 a prime number?
True
Is 3312946073 a prime number?
True
Is 406286663 a prime number?
True
Is 3995595941 composite?
False
Is 115677170507 composite?
True
Is 577311733 composite?
True
Is 23961614641 a prime number?
False
Is 4501692563 a composite number?
False
Is 372586513 a composite number?
True
Is 31499816497 prime?
False
Is 159177493 a prime number?
False
Is 1728923003 composite?
False
Is 341425663 a composite number?
True
Is 65141453197 a prime number?
True
Is 6316375129 composite?
False
Is 791282399 prime?
False
Is 342131699645 a composite number?
True
Is 1172390489 a composite number?
False
Is 459387437 a prime number?
True
Is 13344326533 a prime number?
False
Is 538291801 composite?
False
Is 7089376705 a prime number?
False
Is 447319839011 composite?
False
Is 29592853 a composite number?
True
Is 318807443 a composite number?
True
Is 865370101 a composite number?
True
Is 21164523931 a prime number?
False
Is 102975733163 a prime number?
True
Is 8989822639 composite?
True
Is 4220441 a prime number?
True
Is 21032811617 a composite number?
True
Is 12941277519 prime?
False
Is 243111283 a composite number?
False
Is 15316030997 a prime number?
True
Is 105254817 prime?
False
Is 315005287 a composite number?
False
Is 12170392303 a prime number?
False
Is 732170281 a composite number?
False
Is 22825479827 a prime number?
True
Is 49831523503 composite?
True
Is 20575615897 prime?
False
Is 2730627553 prime?
False
Is 435730367 composite?
False
Is 4309739873 a composite number?
True
Is 463661285 a composite number?
True
Is 808824437 a prime number?
False
Is 6181533005 prime?
False
Is 53078896957 a composite number?
False
Is 4648097719 composite?
False
Is 1588517461 a composite number?
False
Is 821224858 composite?
True
Is 1193854897 a composite number?
False
Is 4882472239 a composite number?
False
Is 390097313 prime?
False
Is 719034697 a prime number?
True
Is 2099480155 composite?
True
Is 328699841 prime?
True
Is 900489763 a composite number?
False
Is 45921084113 a composite number?
False
Is 38423001937 prime?
True
Is 2531193149 prime?
False
Is 1411499941 a prime number?
True
Is 21640466429 composite?
False
Is 9905898137 composite?
False
Is 5088193783 composite?
False
Is 5070822553 a composite number?
False
Is 373572919 a composite number?
True
Is 708632891 prime?
True
Is 136367830223 prime?
False
Is 739155791 a prime number?
False
Is 4361044997 a composite number?
True
Is 4870881469 composite?
False
Is 43552784623 a prime number?
False
Is 29269124779 composite?
False
Is 1500850345 composite?
True
Is 19828784399 a composite number?
False
Is 116379345631 composite?
False
Is 3323810411 composite?
False
Is 338742713 a prime number?
False
Is 2018672921 a composite number?
False
Is 7768380005 a composite number?
True
Is 6773823187 a prime number?
True
Is 4152376031 a prime number?
True
Is 10918314919 a prime number?
True
Is 139090079 a composite number?
True
Is 3521732893 composite?
True
Is 846185551 a prime number?
True
Is 148658519 a prime number?
True
Is 16723342661 composite?
False
Is 24357931583 a composite number?
False
Is 2167707851 a prime number?
False
Is 16307616103 a prime number?
False
Is 21118428869 a composite number?
False
Is 7807414889 composite?
True
Is 5073283253 prime?
True
Is 1193810971 prime?
False
Is 18499064869 a prime number?
True
Is 38037815003 composite?
True
Is 52058353237 composite?
True
Is 2779094959 a prime number?
True
Is 25421524559 composite?
True
Is 799504087 a prime number?
True
Is 232178407 composite?
True
Is 246689534791 a prime number?
False
Is 6422581673 a prime number?
True
Is 19023613613 composite?
False
Is 2344137493 prime?
True
Is 799369391 a composite number?
False
Is 622042763 prime?
True
Is 3431102149 prime?
False
Is 137388551 a prime number?
False
Is 13981627157 composite?
False
Is 2832695335 prime?
False
Is 122179603717 a prime number?
True
Is 1358807729 a composite number?
False
Is 34144207183 a composite number?
False
Is 47954976947 a prime number?
False
Is 4140443873 prime?
False
Is 33440476189 a composite number?
True
Is 3775647091 a prime number?
False
Is 2531455249 a prime number?
False
Is 14846222411 prime?
False
Is 25960926547 composite?
False
Is 149440861 prime?
True
Is 7618485671 a prime number?
False
Is 4313362337 a composite number?
False
Is 1316849881 a prime number?
True
Is 154413289 prime?
True
Is 4722922427 a composite number?
False
Is 894227099 prime?
False
Is 4770424363 composite?
False
Is 3017623633 composite?
True
Is 2770665923 a prime number?
True
Is 20493488413 prime?
False
Is 3388820489 a prime number?
False
Is 1568349719 a composite number?
False
Is 102963161617 prime?
True
Is 3378257947 a prime number?
True
Is 6886451757 composite?
True
Is 19569094507 a composite number?
False
Is 348832901 prime?
True
Is 1663956659 a prime number?
True
Is 466012993 a prime number?
False
Is 93885730019 composite?
False
Is 3818162807 a composite number?
True
Is 7057777729 composite?
False
Is 3647309889 composite?
True
Is 3022371821 prime?
False
Is 538076641 a prime number?
False
Is 714692861 composite?
False
Is 3799943963 a prime number?
False
Is 976147517 a prime number?
True
Is 3077568167 prime?
False
Is 18576474797 prime?
True
Is 2602297769 a prime number?
True
Is 6467572297 a prime number?
True
Is 67166971381 composite?
False
Is 329739211 composite?
True
Is 16947830135 prime?
False
Is 622212097 a prime number?
False
Is 212556637 prime?
True
Is 10646389651 a composite number?
True
Is 7395280913 composite?
False
Is 385290147545 a prime number?
False
Is 159716823869 composite?
False
Is 28747061171 prime?
True
Is 10152925058 a composite number?
True
Is 5001615701 a prime number?
True
Is 297100289 prime?
True
Is 7587219091 prime?
False
Is 3916376563 composite?
True
Is 376451441 composite?
False
Is 7361423243 a prime number?
True
Is 110951444353 prime?
True
Is 49187652611 a prime number?
True
Is 621504607 a composite number?
False
Is 1208519119 a composite number?
False
Is 19633572941 composite?
False
Is 17962352959 prime?
True
Is 3266007683 composite?
True
Is 264626675869 prime?
True
Is 26989316633 a prime number?
False
Is 14676977663 a composite number?
False
Is 130112102891 a prime number?
False
Is 13391859934 composite?
True
Is 39762097762 a composite number?
True
Is 1279291669 a composite number?
False
Is 1115394053 prime?
False
Is 1617015733 composite?
True
Is 6517562973 prime?
False
Is 86833915981 a prime number?
False
Is 162097498727 a composite number?
False
Is 58312425449 prime?
True
Is 2108218553 a composite number?
True
Is 1641263071 a prime number?
False
Is 10361962199 a composite number?
False
Is 97104127 prime?
False
Is 3041804201 prime?
True
Is 8336700971 prime?
True
Is 18248582317 composite?
True
Is 2744406737 composite?
True
Is 21710940751 prime?
False
Is 170841131 prime?
False
Is 176206229 a composite number?
False
Is 1710279191 a prime number?
False
Is 300970877 a composite number?
False
Is 101048925319 a prime number?
True
Is 4805345291 prime?
True
Is 1158918187 composite?
True
Is 1189170859 prime?
False
Is 729688481 a composite number?
False
Is 2073767573 a prime number?
True
Is 2554677811 a prime number?
False
Is 45929558183 a prime number?
True
Is 33369395467 prime?
False
Is 464515763 a prime number?
True
Is 176330569 a prime number?
True
Is 67603224127 composite?
True
Is 196809293 a prime number?
True
Is 3880081679 composite?
False
Is 22186949413 a composite number?
False
Is 1666068329 a composite number?
False
Is 71426138501 composite?
False
Is 19755125539 composite?
True
Is 48798916918 a prime number?
False
Is 2038238843 prime?
True
Is 4228710823 a prime number?
True
Is 358294883 a prime number?
False
Is 201540233 prime?
False
Is 960539137 a composite number?
False
Is 22336179421 a prime number?
False
Is 19110352453 composite?
False
Is 23814847951 a prime number?
False
Is 23483528081 a prime number?
False
Is 22571138203 a prime number?
True
Is 695552631 a composite number?
True
Is 4309998401 a composite number?
False
Is 36375456709 a prime number?
True
Is 50634219569 composite?
False
Is 1070331341 a prime number?
True
Is 13346238247 composite?